prime factors of 250372?
2, 53, 1181
List the prime factors of 1620470.
2, 5, 131, 1237
What are the prime factors of 6312016?
2, 394501
What are the prime factors of 80654?
2, 7, 823
List the prime factors of 60345.
3, 5, 149
List the prime factors of 3670310.
2, 5, 7, 52433
What are the prime factors of 1186516?
2, 37, 8017
List the prime factors of 9196136.
2, 23, 41, 53
What are the prime factors of 380273?
17, 22369
What are the prime factors of 12197909?
12197909
List the prime factors of 282217.
13, 17, 1277
What are the prime factors of 6894673?
17, 23857
What are the prime factors of 395201?
395201
What are the prime factors of 6486489?
3, 71, 10151
What are the prime factors of 2602562?
2, 1301281
List the prime factors of 6887980.
2, 5, 11, 131, 239
What are the prime factors of 73509?
3, 107, 229
What are the prime factors of 230625?
3, 5, 41
What are the prime factors of 750830?
2, 5, 75083
List the prime factors of 1818363.
3, 606121
What are the prime factors of 22396182?
2, 3, 3732697
What are the prime factors of 13120746?
2, 3, 2186791
What are the prime factors of 370368?
2, 3, 643
List the prime factors of 38411.
71, 541
List the prime factors of 146177.
127, 1151
What are the prime factors of 4536579?
3, 173, 8741
List the prime factors of 489864.
2, 3, 20411
What are the prime factors of 7271429?
11, 43, 15373
List the prime factors of 3644689.
61, 149, 401
List the prime factors of 24705249.
3, 8235083
What are the prime factors of 942331?
13, 173, 419
What are the prime factors of 6019584?
2, 3, 3919
List the prime factors of 19292527.
19292527
List the prime factors of 20094.
2, 3, 17, 197
What are the prime factors of 157837?
157837
List the prime factors of 18417.
3, 7, 877
What are the prime factors of 436956?
2, 3, 13, 2801
What are the prime factors of 4153941?
3, 11, 41959
What are the prime factors of 7972486?
2, 3986243
What are the prime factors of 26258137?
29, 905453
List the prime factors of 3389265.
3, 5, 11, 41, 167
List the prime factors of 19858.
2, 9929
What are the prime factors of 1145377?
19, 23, 2621
What are the prime factors of 7592773?
7592773
List the prime factors of 255518.
2, 251, 509
What are the prime factors of 54648?
2, 3, 11, 23
List the prime factors of 109650.
2, 3, 5, 17, 43
List the prime factors of 1129711.
11, 102701
List the prime factors of 228199.
228199
List the prime factors of 440339.
440339
What are the prime factors of 1167321?
3, 43, 9049
List the prime factors of 717963.
3, 89, 2689
List the prime factors of 60108.
2, 3, 5009
List the prime factors of 43293.
3, 14431
List the prime factors of 918721.
61, 15061
What are the prime factors of 1247968?
2, 59, 661
What are the prime factors of 1095603?
3, 365201
List the prime factors of 324102.
2, 3, 19, 2843
What are the prime factors of 504924?
2, 3, 7, 6011
What are the prime factors of 519654?
2, 3, 257, 337
List the prime factors of 1763225.
5, 70529
List the prime factors of 7171173.
3, 1093
What are the prime factors of 2815438?
2, 17, 4871
What are the prime factors of 8264668?
2, 47, 43961
List the prime factors of 1155584.
2, 37, 61
List the prime factors of 2171106.
2, 3, 7, 17231
List the prime factors of 814716.
2, 3, 7, 53, 61
List the prime factors of 273187.
273187
List the prime factors of 1211544.
2, 3, 71, 79
List the prime factors of 4838666.
2, 7, 31, 11149
List the prime factors of 93227.
53, 1759
What are the prime factors of 5060658?
2, 3, 843443
List the prime factors of 19218569.
19218569
List the prime factors of 20711.
139, 149
List the prime factors of 394738.
2, 197369
List the prime factors of 111054.
2, 3, 83, 223
List the prime factors of 4053345.
3, 5, 270223
What are the prime factors of 29890374?
2, 3, 4981729
List the prime factors of 8283753.
3, 19, 193, 251
List the prime factors of 3140777.
3140777
What are the prime factors of 138601?
17, 31, 263
What are the prime factors of 34398595?
5, 7, 11, 47, 1901
List the prime factors of 14386.
2, 7193
What are the prime factors of 5952?
2, 3, 31
List the prime factors of 1693215.
3, 5, 191, 197
List the prime factors of 3628378.
2, 13, 17, 8209
What are the prime factors of 2761812?
2, 3, 76717
List the prime factors of 20979811.
107, 196073
What are the prime factors of 3294681?
3, 13, 23, 3673
What are the prime factors of 792391?
31, 25561
What are the prime factors of 134103?
3, 44701
List the prime factors of 2606346.
2, 3, 29, 4993
List the prime factors of 898220.
2, 5, 97, 463
List the prime factors of 9556869.
3, 7, 83, 5483
What are the prime factors of 157712?
2, 9857
What are the prime factors of 32160?
2, 3, 5, 67
List the prime factors of 454650.
2, 3, 5, 7, 433
What are the prime factors of 140980?
2, 5, 7, 19, 53
What are the prime factors of 1589017?
1589017
List the prime factors of 2903415.
3, 5, 41, 4721
What are the prime factors of 1619485?
5, 7, 46271
What are the prime factors of 453591?
3, 101, 499
What are the prime factors of 6100496?
2, 43, 8867
List the prime factors of 995196.
2, 3, 239, 347
What are the prime factors of 1422973?
1422973
What are the prime factors of 968321?
968321
What are the prime factors of 4724801?
4724801
List the prime factors of 319103.
41, 43, 181
List the prime factors of 440993.
7, 73, 863
What are the prime factors of 190575?
3, 5, 7, 11
What are the prime factors of 536527?
103, 5209
What are the prime factors of 26184?
2, 3, 1091
What are the prime factors of 149307?
3, 157, 317
List the prime factors of 15513756.
2, 3, 1292813
What are the prime factors of 278807?
278807
What are the prime factors of 458439?
3, 17, 89, 101
What are the prime factors of 31372702?
2, 15686351
What are the prime factors of 771611?
109, 7079
List the prime factors of 1336545.
3, 5, 7, 4243
What are the prime factors of 7759096?
2, 23, 42169
What are the prime factors of 3886627?
179, 21713
What are the prime factors of 35784?
2, 3, 7, 71
What are the prime factors of 12472303?
19, 401, 1637
List the prime factors of 49862.
2, 107, 233
List the prime factors of 15355171.
13, 43, 2113
List the prime factors of 254210.
2, 5, 11, 2311
What are the prime factors of 195249?
3, 37, 1759
What are the prime factors of 142908?
2, 3, 11909
List the prime factors of 1130289.
3, 23, 16381
List the prime factors of 495328.
2, 23, 673
List the prime factors of 5383446.
2, 3, 897241
List the prime factors of 5924291.
83, 137, 521
List the prime factors of 221346.
2, 3, 4099
What are the prime factors of 6840729?
3, 7, 23, 4721
What are the prime factors of 19926997?
101, 197297
What are the prime factors of 588626?
2, 294313
List the prime factors of 131877.
3, 14653
List the prime factors of 1577650.
2, 5, 139, 227
What are the prime factors of 15263977?
17, 897881
List the prime factors of 3332805.
3, 5, 7, 31741
List the prime factors of 9850226.
2, 683, 7211
List the prime factors of 1447138.
2, 7, 11, 9397
List the prime factors of 904707.
3, 100523
What are the prime factors of 3030670?
2, 5, 37, 8191
List the prime factors of 684392.
2, 85549
List the prime factors of 313125.
3, 5, 167
What are the prime factors of 139943?
139943
What are the prime factors of 83916?
2, 3, 7, 37
What are the prime factors of 52284?
2, 3, 4357
List the prime factors of 4981738.
2, 2490869
What are the prime factors of 278670?
2, 3, 5, 7, 1327
What are the prime factors of 2290331?
193, 11867
What are the prime factors of 199131?
3, 66377
List the prime factors of 1753610.
2, 5, 175361
What are the prime factors of 135031?
13, 17, 47
What are the prime factors of 53436?
2, 3, 61, 73
List the prime factors of 486890.
2, 5, 181, 269
List the prime factors of 2124271.
107, 19853
What are the prime factors of 3422185?
5, 13, 17, 19, 163
What are the prime factors of 43947?
3, 19, 257
List the prime factors of 7740477.
3, 29, 47, 631
List the prime factors of 1137106.
2, 509, 1117
List the prime factors of 244894.
2, 13, 9419
List the prime factors of 872235.
3, 5, 7, 13, 71
List the prime factors of 18239044.
2, 173, 26357
List the prime factors of 160021.
17, 9413
List the prime factors of 2224718.
2, 1112359
What are the prime factors of 145474?
2, 7, 10391
What are the prime factors of 3120900?
2, 3, 5, 101, 103
List the prim